0. Suppose -y - 15 = -5*j. Calculate the remainder when s is divided by j.
4
Let w = 7 + 9. What is the remainder when 125 is divided by w?
13
Suppose 7*c + 4*y - 44 = 3*c, y - 75 = -5*c. Suppose 4 = -2*v + c. Suppose 3*l + 3*g - 59 = 5*g, l - g - 21 = 0. Calculate the remainder when l is divided by v.
5
Suppose 31*n - 672 = 23*n. What is the remainder when n is divided by 37?
10
Let q = -87 - -229. What is the remainder when q is divided by 16?
14
Calculate the remainder when 42 is divided by 2/(-26)*-145 + (-20)/130.
9
Suppose 97 = 5*l - 8. Calculate the remainder when 81 is divided by l.
18
Let r = -6 - -18. Let i = 113 + -78. What is the remainder when i is divided by r?
11
Let k = 223 + -153. Calculate the remainder when k is divided by 19.
13
Let z = 15 - -11. Calculate the remainder when 101 is divided by z.
23
Calculate the remainder when (-109)/(-3) - (-4 - 10/(-3)) is divided by 19.
18
Suppose 0 = -7*k + 2*k + 115. Suppose 3*z - 2*m + 10 = 0, 2 = -0*z - z + m. Let h(c) = -c + 2. Calculate the remainder when k is divided by h(z).
7
Let z(r) = 7*r**3 - r**2 - r + 1. Let q be z(1). Calculate the remainder when (-68)/(-2) + (6 - q) is divided by 12.
10
Suppose -3*f - 78 = -5*a, 3*f - 3*a + 0*a + 72 = 0. Let i = -13 - f. Calculate the remainder when 30 is divided by i.
6
Let q = 0 + 3. Suppose -4*o + 2*o + 38 = -4*z, 0 = -4*o - q*z + 87. Calculate the remainder when o is divided by 11.
10
Suppose -2*p = 6 - 4. Calculate the remainder when (-12)/(-8) - (-37)/2 is divided by 7 - (p - -1)/3.
6
Suppose 4*z = -3*j + 153, -8*j = 3*z - 4*j - 106. Calculate the remainder when z is divided by (-16)/32 + 46/4.
9
Suppose 12 = -4*t, -2*f - t = 3*t. What is the remainder when -2 + (-4)/f*-87 is divided by 19?
18
Let p = 15 - 11. Let y be p/(-12) - (-196)/(-6). Let j = y + 50. What is the remainder when 32 is divided by j?
15
Suppose 3*b - 96 = -3*c, -2*c = -4*c - 3*b + 60. Suppose -4*z + c = -0*z. Calculate the remainder when 4 is divided by z/1*2/6.
1
Let x(i) = 2*i + 15. Calculate the remainder when x(4) is divided by (1*-18)/(9/(-6)).
11
Let s = -16 - -28. Suppose 6*w - 3*f = 3*w + 120, 0 = -2*f - 10. What is the remainder when w is divided by s?
11
Suppose -5*t + 0*t = -140. Calculate the remainder when 55 is divided by t.
27
Let y(a) = 12*a**2 - a. Suppose -2*c - v = 3, v + 3 + 1 = -3*c. Suppose 3*s = 7 + 8. What is the remainder when y(c) is divided by s?
3
Let g = 3 + 0. Suppose 39 = 5*i - 3*c + 7*c, -11 = -2*i + 3*c. What is the remainder when i is divided by g?
1
Let z(q) = 2*q**3 - q**2 + 2*q - 1. Let s be (-2)/(-4) - (-6)/4. Let k be z(s). Calculate the remainder when 41 is divided by 204/k + (-4)/(-10).
13
Suppose w - 1196 = -4*q + 3*w, -w = 4*q - 1208. Suppose 21 = -5*l + q. What is the remainder when l is divided by 19?
18
Suppose l = -4*b + 2*b + 20, -3*l = 5*b - 50. What is the remainder when 16 is divided by b?
6
Let f(r) = -3*r**3 - 4*r**2 - 4*r - 3. Suppose -3*h - 16 = -7*h. Suppose h*g - 20 = -g. Calculate the remainder when f(-2) is divided by g.
1
Let x be (4 + -8)/(1 + -2). Suppose -10 = 5*u, 64 = c + x*c - 2*u. Calculate the remainder when (33/(-12) - 3)*-4 is divided by c.
11
Let a(q) = -q - 9. Let t = -8 + 4. Let h be a(t). What is the remainder when (28/10)/((-1)/h) is divided by 5?
4
Let p be (-10)/(-4 - (0 - 2)). Suppose -3*m + 2*h = -p, -2*m - 2*m = -4*h. Calculate the remainder when 17 is divided by m.
2
What is the remainder when 0 + (-1)/(-1) - -10 is divided by 4?
3
Let s = 1 - 1. Suppose s = 3*a + 24 - 105. Let g = 77 - a. Calculate the remainder when g is divided by 17.
16
Let p(a) = a**3 - 12*a**2 - 3*a + 8. Let x be p(12). Let l = x + 47. What is the remainder when l is divided by 5?
4
Let x(q) = 3*q - 9. What is the remainder when 44 is divided by x(7)?
8
Suppose 3*r + 3 = 9. Suppose 50 = q + 2*k, 3*q + r*q - 190 = 5*k. What is the remainder when q is divided by 15?
12
Let t(k) = -k. Let h be t(-1). Let u(y) = 6*y**3 - 2*y**2 + 1. What is the remainder when 8 is divided by u(h)?
3
Suppose 0 = -4*x - 554 - 462. What is the remainder when x/(-3) - 3/(-9) is divided by (12 + -78)*(-1)/3?
19
Suppose -21*r = -25*r + 40. Calculate the remainder when 38 is divided by r.
8
Let a = -14 + 25. What is the remainder when (-4 + 20)/((-2)/(-4)) is divided by a?
10
Suppose 3*m - 42 = -5*i, -5*m + 110 = -5*i - 0*i. What is the remainder when 73 is divided by m?
16
Suppose 3*i - 395 = -137. What is the remainder when i is divided by 22?
20
Suppose 0*w = w + 13. Let i be w/(-1) + (0 - 0). Let g = i + -2. Calculate the remainder when 31 is divided by g.
9
Suppose 5*t + 4 + 11 = -5*z, -3*z - 4*t = 14. Calculate the remainder when 5 is divided by z.
1
Let t = 24 - 17. Suppose 3*d = t*d - 76. Calculate the remainder when d is divided by 7.
5
Suppose -2 = -n + 2. Calculate the remainder when 1424/128 + (-1)/8 is divided by n.
3
Suppose 51 = 4*x - x. What is the remainder when x is divided by 10?
7
Suppose 3*y = 3 + 3. What is the remainder when 9 is divided by y?
1
Let q(j) = -3*j**2 + 0*j**2 + 3 - 2*j + 4*j**2 + j**3 - 2*j**2. What is the remainder when q(2) is divided by 2?
1
Suppose -3*a + 289 = 271. Suppose 2 = u - 1. Calculate the remainder when a is divided by u.
0
Let a(i) = -i**3 - 12*i**2 - 13*i + 2. Calculate the remainder when a(-11) is divided by 9.
6
Suppose 3 - 33 = 5*i. Calculate the remainder when (-627)/(-9) + 4/i is divided by 18.
15
Suppose q = a + 11, -5*q + 33 = -a - 38. Calculate the remainder when q is divided by 6.
3
Let b(q) = -q - 4. Let w be b(-4). Suppose w = 4*u - 13 + 1. Suppose -u*j + 80 = -157. What is the remainder when j is divided by 27?
25
Suppose -5*d + 4*d = 47. Let p = d + 88. Calculate the remainder when p is divided by 14.
13
Suppose -3*o + 328 = o. Calculate the remainder when o is divided by 21.
19
Let t(y) = y**2 + 3*y + 2*y - 3 - 2*y**2. Let n be t(3). Suppose n*z = -6 + 21, -i - 5*z = -42. Calculate the remainder when i is divided by 6.
5
Suppose -20 = -5*g - 0*g. Calculate the remainder when 23 is divided by g/16 - (-141)/12.
11
What is the remainder when 43 is divided by ((-5)/(15/4))/(6/(-54))?
7
Suppose h + 3*j = 60, h = -2*h - 4*j + 205. What is the remainder when 2/(-13) + h/65 is divided by 1?
0
Suppose f + 5*o = -8, 16 + 16 = f - 5*o. Calculate the remainder when f is divided by 5.
2
Let k = 68 + -15. Suppose -4*d - 5*r = -0*r - 108, -d = 5*r - 27. Calculate the remainder when k is divided by d.
26
Let t = 351 - 348. Suppose -4*l + 11 = -21. What is the remainder when l is divided by t?
2
Suppose 0 = -0*s - s - 11. Let i = s - -16. Let f(q) = -q - 1. What is the remainder when i is divided by f(-4)?
2
Suppose s = -2*s + 2*z + 6, 2*z = -s + 10. Let u = 11 + -5. Calculate the remainder when u is divided by s.
2
Let w = -5 + 39. What is the remainder when 127 is divided by w?
25
Let v = 0 - -2. Let b(r) = 9*r**2 - r - 2. Suppose 20 + 2 = 2*c. What is the remainder when b(v) is divided by c?
10
Suppose -3*p + 21 = 2*p - 2*l, -p - 4*l = 9. Suppose 0 = 5*s - 0*s - p*v - 40, -4*s + 4*v + 32 = 0. What is the remainder when 23 is divided by s?
7
Let d(m) = -3*m**3 - 6*m**2 + 2*m - 6. Calculate the remainder when 43 is divided by d(-3).
13
Let v = -7 - -4. Let j be ((-2)/v)/(1/(-3)). What is the remainder when 15/12*-6*j is divided by 8?
7
Calculate the remainder when 49 is divided by 4/6 - (88/(-12) + -5).
10
Suppose 5*w + 17 - 52 = -z, 5*w - 25 = 0. Calculate the remainder when 38 is divided by z.
8
Let w = 14 - -21. What is the remainder when 102 is divided by w?
32
Calculate the remainder when 19 is divided by 10 + -6 - (-7 - -1).
9
Suppose -3*r + 29 = 4*x, -4*r - 18 = -5*x - 5. Suppose f - a = -0*f + 7, 0 = 4*a. Calculate the remainder when 8*(1 - r/(-2)) is divided by f.
6
Suppose 3*q - 164 + 20 = 0. Suppose -3*a - q = 4*u, -3*u - 36 = -0*u - 5*a. Let c = 4 - u. What is the remainder when 47 is divided by c?
15
Let u(y) = -2*y**2 + 19*y + 7. What is the remainder when 56 is divided by u(8)?
25
Let h = -28 + 59. Calculate the remainder when 59 is divided by h.
28
Let t be (-2)/3 - 107/(-3). Let i = t + -16. Let x = 54 + 1. What is the remainder when x is divided by i?
17
Let g(q) = q**3 + 8*q**2 + 5*q + 7. Calculate the remainder when g(-6) is divided by 25.
24
Suppose -64 = -0*w - 